
Let v(p) = 16*p - 3 - 37*p - 35*p. Let o be v(-4). Suppose s + 3*n = o + 107, -3*s + 5*n = -998. Is s a prime number?
True
Suppose 21*h - 35*h = -241514. Is h composite?
True
Suppose 0 = 2*f - 2*b - 73018, -4*b - 36503 = -2*f + f. Is f a composite number?
True
Suppose -415 = -2*k + 4*i - 107, -2*k + 2*i + 316 = 0. Suppose k = m + 2*m. Suppose 4*r = -g + 50 + 13, m = g - 5*r. Is g prime?
True
Let q = 40 + 48. Suppose 3*m + q = 3115. Is m a composite number?
False
Let u be 6355/8 + (-18)/48. Let k = 465 + u. Is k composite?
False
Let o(z) = 1. Let d(b) = -98*b + 13. Let j(l) = d(l) - 6*o(l). Is j(-2) composite?
True
Let w = 8630 - 4723. Is w a prime number?
True
Let h(u) = 445*u**2 - 14*u + 2. Is h(-3) a composite number?
False
Let r = 7684 - -3815. Is r a prime number?
False
Suppose -2*d + 21746 = 4*o, -14*o - 27181 = -19*o - 4*d. Is o a prime number?
True
Let h = -1 + 4. Suppose 0 - 48 = h*p. Is 1*-3*(-99 - p) prime?
False
Let v(i) = i**2 - 6*i + 4. Let k be v(3). Let d(z) be the first derivative of z**3/3 - z**2 - 2*z - 7. Is d(k) prime?
False
Suppose -2*g + 16 = 2*g. Is (-161)/(-2)*4 + g prime?
False
Let c(q) = -1983*q + 880. Is c(-21) prime?
False
Let j = -6986 + 12309. Is j composite?
False
Let m be (-7)/(-28) + (-38)/(-8). Let s(t) = 2*t. Is s(m) a composite number?
True
Let m(z) = 170*z + 7. Let d be m(2). Suppose d = -8*b + 9*b. Is b composite?
False
Let n be 12/2 + -4 + 0. Suppose n*t + 2*r + 103 = 5*t, -4*t = -2*r - 140. Is t prime?
True
Let f = 1083 + 1088. Is f composite?
True
Let n = -2 - -2. Let y = n - 0. Suppose m + l + 49 = 4*m, y = 5*l + 20. Is m prime?
False
Let a = 3349 - 6195. Is a/(-14) + -4*(-1)/(-14) composite?
True
Let n = 43 - 40. Suppose n*g = -5*g + 6904. Is g a prime number?
True
Let y = -9 - -16. Suppose -y = -3*s + 2. Suppose -5*g - 17 = -2*a, 0 = -3*a - 0*g - s*g + 15. Is a a prime number?
False
Let u(j) be the third derivative of -j**6/120 - j**5/30 + j**4/24 + 1901*j**3/6 + 17*j**2. Is u(0) a composite number?
False
Let s(z) = z**3 + 4*z**2 + 2*z + 14891. Is s(0) composite?
False
Suppose 2*b + 31*b - 3111603 = 0. Is b composite?
False
Let t = 280 + 176. Suppose 3*s = t + 126. Is s prime?
False
Is (-12605)/(-2)*10/25 composite?
False
Is 6*469/21 - 3 prime?
True
Let u be 0 - (-2 - 10/(-4))*6. Is (-3 - 154)*(-4 - u) a prime number?
True
Suppose -60905 = -0*n - 13*n. Is n composite?
True
Is (4 + 28/(-8))*1574 composite?
False
Suppose -26*o - 4*k + 63880 = -22*o, -4*k = -3*o + 47903. Is o a prime number?
False
Is (-25348)/(0 - (-12)/(-15)) a prime number?
False
Suppose 5*m - 3402 = -2*m. Let z = 895 - m. Is z a composite number?
False
Let h = -1381 + 2563. Suppose -6*r + h + 1056 = 0. Is r prime?
True
Suppose -246*a + 258*a = 57864. Is a a prime number?
False
Suppose -h - 934 = 4*y, y + y = -2*h - 464. Let i = y + 340. Suppose q - i = -q. Is q a composite number?
False
Let y = 1755 - 1146. Suppose 0*h = -3*h + y. Is h composite?
True
Let t(i) = 2*i**3 - 18*i**2 + 83*i + 16. Is t(19) a prime number?
False
Let l be 0 - (1/4 + 3/(-12)). Let v(c) = c**2 - 3*c + 267. Is v(l) composite?
True
Let b(w) = 13*w**2 + 58 + 9*w - 27 - 18. Suppose 0*z - 4*z = -3*f + 7, 0 = 5*z - 25. Is b(f) a prime number?
False
Is 1/(-3) + 15772/3 + 4 a prime number?
True
Let v be ((-8)/(-20))/((-4)/(-6590)). Let x = v - 401. Suppose -2*h + 808 = 5*a - x, 3*a + h = 640. Is a a prime number?
False
Let s = 319 + -223. Let j = s - -197. Is j composite?
False
Suppose 2*k = -35 + 13. Let i(o) = 22*o**2 + 12*o - 9. Is i(k) prime?
True
Suppose -5 = -11*d + 12*d. Let w(n) = n**3 + 7*n**2 + 2*n - 3. Is w(d) composite?
False
Suppose -5*a + 3*w = 26, -a + 3*w - w - 8 = 0. Is a/(4/(-267))*26/6 a composite number?
True
Suppose -2*m - 20 = -6*m. Suppose 2*n + m*b = 5*n - 98, -n + 4*b = -42. Suppose 2*z - n = -4. Is z a composite number?
False
Let u = -19545 + 49886. Is u composite?
False
Let b = -53 + 53. Suppose 4*z = -b*z - 2*y + 1924, -5*y = -z + 481. Is z prime?
False
Suppose -3*o + 1629 = -3*m, 4*m + 0*m + o = -2177. Let b = m + 1023. Is b a composite number?
False
Suppose 5 = -4*o - 11. Is (33/(-12) - -3) + (-3811)/o composite?
False
Let i(a) = 2143*a - 653. Is i(30) a composite number?
True
Let v = -46 + 50. Suppose -5*c - 2 + 17 = 0, -2*g + v*c + 1370 = 0. Is g a composite number?
False
Let b(l) = -113*l + 30. Is b(-11) composite?
True
Suppose 2*j = 4*h - 8, 5 = -3*h - 5*j - 15. Suppose h = 2*i - 902 + 138. Is i composite?
True
Let s be -4 + 1 + 18 - 2. Let a(q) = q**2 - 5*q + 2. Let z be a(9). Let b = z + s. Is b a prime number?
False
Suppose -287 - 372 = -t. Is t composite?
False
Let c = 8358 + -4721. Is c composite?
False
Let o = 17874 - 12727. Is o prime?
True
Let f = -293 + 2116. Is f composite?
False
Let s = -60 - -32. Is (2138/6)/(s/(-84)) composite?
False
Let j be (-5)/2 + 2 - 63/(-14). Suppose 785 = j*z + z. Is z a prime number?
True
Suppose 3*q = 3*c + 279, 0 = -6*q + 2*q - 5*c + 390. Suppose -2*o + 1002 = -u + q, 5*u = 4*o - 1829. Is o prime?
False
Suppose -5*n + 822 = -6583. Is n prime?
True
Let d(v) be the first derivative of -v**2/2 + 51*v + 12. Is d(16) prime?
False
Suppose -2*z = -5*u + 18, z + z - u = -2. Suppose -2*h + 5*d + 18 = z, -h + 4*d + 13 = 0. Is (-6 + 97)*(0 + h) composite?
True
Is (-23)/(-138) - (-29365)/30 composite?
True
Suppose 42*h = 34*h + 356632. Is h composite?
False
Suppose 2*u + 702 = -514. Let g = -357 - u. Is g a prime number?
True
Suppose -9298 = -6*z - 2152. Suppose r = -2*r + z. Is r a prime number?
True
Let c(t) = 48*t + 5. Suppose 2*m - 3 = 1. Suppose m*g + 3*g - 3*y = 33, 5*g - y - 31 = 0. Is c(g) prime?
True
Suppose -9786 = -s + r, -59830 + 10950 = -5*s - 5*r. Is s prime?
True
Suppose 2163*m - 102855 = 2158*m. Is m a prime number?
False
Suppose -3*p + a + 24630 = -10145, -2*p = -a - 23182. Is p prime?
True
Let r = -148 - -148. Suppose -5*s + 5280 - 216 = 3*g, -s - 3 = r. Is g a prime number?
True
Suppose 0 = 5*h + 3 - 1258. Is h prime?
True
Let w = 22 - 21. Let x be 2 + w + 1 - 0. Suppose -g + 1809 = 4*i, 0 = -4*i - 0*g - x*g + 1824. Is i a prime number?
False
Let k = 1192 - -787. Suppose -6*j + 12019 = -k. Is j composite?
False
Let c(r) be the second derivative of -r**5/20 + r**4/2 + r**2 - 3*r. Let u be c(6). Suppose 201 = x + u*x. Is x prime?
True
Suppose 2*d + 10934 = 3*m + 3254, 2*d - 7692 = -3*m. Suppose g = 3*g + m. Is g/(-15) - 4/10 a prime number?
False
Let j(o) = -35*o**3 + 3*o**2 + 84*o + 11. Is j(-9) composite?
False
Let o(v) = -1173*v**3 - 6*v**2 - 8*v - 3. Let u be o(-3). Is u/30 - (-10)/25 a composite number?
True
Let g(k) = 67*k**2 + 38*k - 156. Is g(5) composite?
False
Let z(k) = 10 + 43*k - 15 + 9. Is z(21) prime?
True
Let y(f) = 6*f**2 + 14*f + 465. Suppose 0 = 2*c - 3*c - 8. Let k(x) = -4*x**2 - 9*x - 310. Let z(p) = c*k(p) - 5*y(p). Is z(0) a composite number?
True
Let s = 279 - -7. Let f(t) = -48*t + 21. Let x be f(-8). Let o = x - s. Is o composite?
True
Is 3/(-12)*1 + 133652/16 composite?
False
Let l be (0 + 5)*5/((-25)/(-2)). Suppose 0 = -k - 1, -4*a - l*k = 2*k - 3136. Is a a prime number?
False
Suppose 0*s = 2*s + 5*f + 32, -3*s - 4*f = 41. Let c = s + 22. Let g = 3 + c. Is g composite?
True
Suppose -59*t = 9*t - 712436. Is t composite?
False
Let h = -57763 - -161832. Is h a prime number?
False
Suppose -5*g - 27 = -102. Suppose -g*z = -18*z + 531. Is z a composite number?
True
Suppose 7*t - 3*t = -324. Let v = 46 + t. Let c = -22 - v. Is c composite?
False
Let r(x) = 79*x - 1. Is r(8) prime?
True
Let h be -1 - (-4 + (-5)/(5/(-67))). Let z = 75 + h. Is z a prime number?
True
Let y be 0/(6/(-2) - -1). Suppose y = -6*s + 6444 + 450. Is s composite?
True
Suppose 22*t = 2740054 - 988964. Is t a prime number?
False
Is 34582/(-4)*3/(45/(-30)) composite?
False
Let o(b) = -70*b**3 + 6*b**2 - 23*b + 55. Is o(-8) a composite number?
True
Let c = -4221 - -17062. Is c composite?
False
Is 1466 + -22 - 10/2 prime?
True
Suppose 0 = 4*z - 0 - 12, 0 = 3*g - 5*z - 32112. Is g composite?
False
Let b(x) = 6*x**2 - 42*x + 67. Is b(42) a composite number?
False
Suppose 4*m = 2*b + 20790, b + 2023 = -5*m + 28021. Is m a prime number?
False
Let f(v) be the first derivative of 2*v**3/3 + 2*v - 4. Let w be f(-4). Let b = 131 - w. Is b a prime number?
True
Let u be 5 + 1 + -1 + -5. Suppose u = 4*m - 5